{"id":4065,"date":"2022-08-15T13:21:33","date_gmt":"2022-08-15T10:21:33","guid":{"rendered":"https:\/\/ekitap.atauni.edu.tr\/?post_type=product&#038;p=4065"},"modified":"2023-02-03T11:17:23","modified_gmt":"2023-02-03T08:17:23","slug":"1st-international-symposium-on-current-developments-in-fundamental-and-applied-mathematics-sciences-iscdfams-2022-abstract-and-full-text-symposium-book","status":"publish","type":"product","link":"https:\/\/ekitap.atauni.edu.tr\/index.php\/product\/1st-international-symposium-on-current-developments-in-fundamental-and-applied-mathematics-sciences-iscdfams-2022-abstract-and-full-text-symposium-book\/","title":{"rendered":"1st INTERNATIONAL SYMPOSIUM ON CURRENT DEVELOPMENTS IN FUNDAMENTAL AND APPLIED MATHEMATICS SCIENCES (ISCDFAMS 2022)  ABSTRACT AND FULL TEXT SYMPOSIUM BOOK"},"content":{"rendered":" <img src='https:\/\/ekitap.atauni.edu.tr\/wp-content\/plugins\/dp-post-views\/images\/eyes.png' class='dppv_eyes' width='100' height='100'> 1667","protected":false},"excerpt":{"rendered":"<p class=\"p1\">Editors:<\/p>\n<p class=\"p1\">Assoc. Prof. Dr. Furkan YILDIRIM<\/p>\n<p class=\"p1\">Asst. Prof. Dr. Fatma SA\u011eS\u00d6Z<\/p>\n<p>Atat\u00fcrk \u00dcniversitesi Yay\u0131nlar\u0131 No: 1298<\/p>\n<p>ISBN :978-625-7086-54-7<\/p>\n<p>Yay\u0131n Yeri ve Y\u0131l\u0131: Erzurum, 2022<\/p>\n<p>Sayfa Say\u0131s\u0131: 252<\/p>\n<p><a class=\"vc_btn3 vc_btn3-shape-default btn btn-borders btn-md btn-dark\" href=\"https:\/\/ekitap.atauni.edu.tr\/index.php\/1st-international-symposium-on-current-developments-in-fundamental-and-applied-mathematics-sciences-iscdfams-2022-abstract-and-full-text-symposium-book\/\" target=\"_blank\" rel=\"noopener noreferrer\">Kitab\u0131 Oku<\/a><\/p>\n","protected":false},"featured_media":4063,"template":"","meta":[],"product_brand":[],"product_cat":[86],"product_tag":[],"class_list":{"0":"post-4065","1":"product","2":"type-product","3":"status-publish","4":"has-post-thumbnail","6":"product_cat-2-fen-ve-muhendislik","8":"first","9":"instock","10":"shipping-taxable","11":"product-type-simple"},"_links":{"self":[{"href":"https:\/\/ekitap.atauni.edu.tr\/index.php\/wp-json\/wp\/v2\/product\/4065","targetHints":{"allow":["GET"]}}],"collection":[{"href":"https:\/\/ekitap.atauni.edu.tr\/index.php\/wp-json\/wp\/v2\/product"}],"about":[{"href":"https:\/\/ekitap.atauni.edu.tr\/index.php\/wp-json\/wp\/v2\/types\/product"}],"wp:featuredmedia":[{"embeddable":true,"href":"https:\/\/ekitap.atauni.edu.tr\/index.php\/wp-json\/wp\/v2\/media\/4063"}],"wp:attachment":[{"href":"https:\/\/ekitap.atauni.edu.tr\/index.php\/wp-json\/wp\/v2\/media?parent=4065"}],"wp:term":[{"taxonomy":"product_brand","embeddable":true,"href":"https:\/\/ekitap.atauni.edu.tr\/index.php\/wp-json\/wp\/v2\/product_brand?post=4065"},{"taxonomy":"product_cat","embeddable":true,"href":"https:\/\/ekitap.atauni.edu.tr\/index.php\/wp-json\/wp\/v2\/product_cat?post=4065"},{"taxonomy":"product_tag","embeddable":true,"href":"https:\/\/ekitap.atauni.edu.tr\/index.php\/wp-json\/wp\/v2\/product_tag?post=4065"}],"curies":[{"name":"wp","href":"https:\/\/api.w.org\/{rel}","templated":true}]}}