{"id":2917,"date":"2020-02-03T09:31:43","date_gmt":"2020-02-03T06:31:43","guid":{"rendered":"http:\/\/ekitap.atauni.edu.tr\/?post_type=product&#038;p=2917"},"modified":"2021-08-24T21:07:38","modified_gmt":"2021-08-24T18:07:38","slug":"muhendisler-ve-fen-bilimciler-icin-fizik-1-cilt-sorulari-ve-cozumleri","status":"publish","type":"product","link":"https:\/\/ekitap.atauni.edu.tr\/index.php\/product\/muhendisler-ve-fen-bilimciler-icin-fizik-1-cilt-sorulari-ve-cozumleri\/","title":{"rendered":"M\u00fchendisler ve Fen Bilimciler \u0130\u00e7in Fizik 1. Cilt Sorular\u0131 ve \u00c7\u00f6z\u00fcmleri"},"content":{"rendered":" <img src='https:\/\/ekitap.atauni.edu.tr\/wp-content\/plugins\/dp-post-views\/images\/eyes.png' class='dppv_eyes' width='100' height='100'> 47252","protected":false},"excerpt":{"rendered":"<p><em><strong>Edit\u00f6rler:<\/strong><\/em><\/p>\n<p>Prof. Dr. Muhammet YILDIRIM<\/p>\n<p>Prof. Dr. Yusuf \u015eAH\u0130N<\/p>\n<p><em><strong>Haz\u0131rlayanlar:<\/strong><\/em><\/p>\n<p>Prof. Dr. Ali G\u00dcROL<\/p>\n<p>Prof. Dr. Demet YILMAZ<\/p>\n<p>Prof. Dr. Elif BOYDA\u015e<\/p>\n<p>Prof. Dr. Muhammet YILDIRIM<\/p>\n<p>Prof. Dr. Song\u00fcl DUMAN<\/p>\n<p>Prof. Dr. Yusuf \u015eAH\u0130N<\/p>\n<p>Do\u00e7. Dr. Bekir G\u00dcRBULAK<\/p>\n<p>Do\u00e7. Dr. G\u00fcven TURGUT<\/p>\n<p><em><strong>Atat\u00fcrk \u00dcniversitesi Yay\u0131nlar\u0131 No:<\/strong><\/em> 1233<\/p>\n<p><em><strong>ISBN:<\/strong><\/em> 978-605-7638-39-7<\/p>\n<p><em><strong>Yay\u0131n Yeri ve Y\u0131l\u0131:<\/strong><\/em> Erzurum, 2019<\/p>\n<p><em><strong>Sayfa Say\u0131s\u0131:<\/strong><\/em> 175<\/p>\n<p><em><strong>Yay\u0131n Yeri ve Y\u0131l\u0131:<\/strong><\/em> Erzurum, 2019<\/p>\n<p><em><strong>Sayfa Say\u0131s\u0131: <\/strong><\/em>144<\/p>\n<div class=\"vc_btn3-container vc_btn3-inline\"><a class=\"vc_btn3 vc_btn3-shape-default btn btn-borders btn-md btn-dark\" href=\"http:\/\/ekitap.atauni.edu.tr\/index.php\/muhendisler-ve-fen-bilimciler-icin-fizik-1-cilt-sorulari-ve-cozumleri\/\"> Kitab\u0131 Oku <i class=\"fas fa-chevron-right\"><\/i><br \/>\n<\/a><\/div>\n<div class=\"vc_btn3-container vc_btn3-inline\" style=\"border: 2px solid #0f0e4f; padding: 5px;\">Okuma Say\u0131s\u0131Array <img src='https:\/\/ekitap.atauni.edu.tr\/wp-content\/plugins\/dp-post-views\/images\/eyes.png' class='dppv_eyes' width='100' height='100'> 47252<\/div>\n<p>&nbsp;<\/p>\n","protected":false},"featured_media":3524,"template":"","meta":[],"product_brand":[],"product_cat":[86],"product_tag":[],"class_list":{"0":"post-2917","1":"product","2":"type-product","3":"status-publish","4":"has-post-thumbnail","6":"product_cat-2-fen-ve-muhendislik","8":"first","9":"outofstock","10":"shipping-taxable","11":"product-type-variable"},"_links":{"self":[{"href":"https:\/\/ekitap.atauni.edu.tr\/index.php\/wp-json\/wp\/v2\/product\/2917","targetHints":{"allow":["GET"]}}],"collection":[{"href":"https:\/\/ekitap.atauni.edu.tr\/index.php\/wp-json\/wp\/v2\/product"}],"about":[{"href":"https:\/\/ekitap.atauni.edu.tr\/index.php\/wp-json\/wp\/v2\/types\/product"}],"wp:featuredmedia":[{"embeddable":true,"href":"https:\/\/ekitap.atauni.edu.tr\/index.php\/wp-json\/wp\/v2\/media\/3524"}],"wp:attachment":[{"href":"https:\/\/ekitap.atauni.edu.tr\/index.php\/wp-json\/wp\/v2\/media?parent=2917"}],"wp:term":[{"taxonomy":"product_brand","embeddable":true,"href":"https:\/\/ekitap.atauni.edu.tr\/index.php\/wp-json\/wp\/v2\/product_brand?post=2917"},{"taxonomy":"product_cat","embeddable":true,"href":"https:\/\/ekitap.atauni.edu.tr\/index.php\/wp-json\/wp\/v2\/product_cat?post=2917"},{"taxonomy":"product_tag","embeddable":true,"href":"https:\/\/ekitap.atauni.edu.tr\/index.php\/wp-json\/wp\/v2\/product_tag?post=2917"}],"curies":[{"name":"wp","href":"https:\/\/api.w.org\/{rel}","templated":true}]}}